what is 376 + 23664?
24262
In base 3, what is -11220022 + -222?
-11221021
In base 13, what is -5 + -3169?
-3171
In base 16, what is 1 + 537e?
537f
In base 12, what is -7 - 68424?
-6842b
In base 15, what is -1929e5 + 3?
-1929e2
In base 7, what is 455143 + -32?
455111
In base 6, what is 25413522 + -10?
25413512
In base 3, what is -21100 + 10202111?
10111011
In base 9, what is -16 - 8283?
-8310
In base 14, what is -172 + 3?
-16d
In base 10, what is -3066 + -881?
-3947
In base 16, what is -b8 + 4f?
-69
In base 7, what is 20502 - -3?
20505
In base 14, what is 1601c - 3?
16019
In base 6, what is -2224 - 1122?
-3350
In base 14, what is 517 - -b4?
5cb
In base 8, what is 13341 - 14?
13325
In base 5, what is -1 + -31401402?
-31401403
In base 15, what is 2 - -c600?
c602
In base 7, what is 4 + -10664123?
-10664116
In base 16, what is 1 - -5e6?
5e7
In base 5, what is -102042 - 1340?
-103432
In base 14, what is -3 - 7b212?
-7b215
In base 5, what is 3 + 343002?
343010
In base 14, what is -99b6 + 17?
-999d
In base 13, what is 144 - 30?
114
In base 6, what is -4125 + 25?
-4100
In base 9, what is 278 - 21130?
-20741
In base 6, what is 13022324 - 2?
13022322
In base 10, what is -130174 + 4?
-130170
In base 8, what is 13530 + -32?
13476
In base 8, what is -4 + 1705415?
1705411
In base 10, what is 17969 - -2?
17971
In base 4, what is -10331312 - -20?
-10331232
In base 10, what is 355443 - -4?
355447
In base 3, what is 11000112 + 1000020?
12000202
In base 7, what is 14 + -43323?
-43306
In base 8, what is -162 - 254?
-436
In base 10, what is -26 + -1758?
-1784
In base 12, what is 4493 - 7b?
4414
In base 10, what is -1942 - 33?
-1975
In base 13, what is 1166 + 744?
18aa
In base 10, what is -149511 - -26?
-149485
In base 7, what is 1323 - 250?
1043
In base 6, what is 5 + -152015?
-152010
In base 14, what is 7 - 1563?
-155a
In base 10, what is 2 - 196832?
-196830
In base 9, what is 15425 - -5?
15431
In base 8, what is -156004 + 7?
-155775
In base 7, what is -104 + -433?
-540
In base 3, what is 1200 + 2121100021?
2121101221
In base 3, what is 110102010000 - -12?
110102010012
In base 15, what is 6 + -840?
-839
In base 2, what is 11111110001 - -11001100?
100010111101
In base 3, what is 10000011 - 22?
2222212
In base 4, what is 23 - 203200?
-203111
In base 10, what is -17908 - 283?
-18191
In base 11, what is -72 + -15840?
-15902
In base 12, what is -8672 - 2?
-8674
In base 14, what is -c + 16b2?
16a4
In base 8, what is -123417 + 10?
-123407
In base 5, what is 112244 - 324?
111420
In base 2, what is -1101 - -10110110010101?
10110110001000
In base 12, what is 11 - -34379?
3438a
In base 14, what is -8aa5 - 7?
-8aac
In base 12, what is -3a886b + 5?
-3a8866
In base 8, what is 41131 + -110?
41021
In base 8, what is -10701 - -5?
-10674
In base 2, what is -10111101000 + 11000011011?
110011
In base 9, what is 85 + 2437?
2533
In base 15, what is -155895 - -5?
-155890
In base 12, what is 196 + -107?
8b
In base 2, what is -11111101110 + -1001?
-11111110111
In base 3, what is 10 + -1000102022?
-1000102012
In base 4, what is -231 + 102030?
101133
In base 11, what is -2 - -55a64?
55a62
In base 10, what is 5 + 2357?
2362
In base 4, what is -13333131 + 13?
-13333112
In base 9, what is -306 - 66?
-373
In base 11, what is 53 + 247?
29a
In base 16, what is -c + 10e?
102
In base 10, what is 55896 + -25?
55871
In base 3, what is 20 - -1122020?
1122110
In base 12, what is 12 + 1295?
12a7
In base 3, what is -2 + -200112010222?
-200112011001
In base 8, what is -3773747 - -3?
-3773744
In base 16, what is -2f + -8ba4?
-8bd3
In base 14, what is -2591d + 2?
-2591b
In base 11, what is -3 - 169118?
-169120
In base 14, what is 4 + db6?
dba
In base 9, what is -55472 + 15?
-55456
In base 10, what is 785280 - -1?
785281
In base 15, what is 2 - -5b45?
5b47
In base 6, what is 1050 - 3420?
-2330
In base 4, what is 2322100221 + -3?
2322100212
In base 13, what is -22 - 7ac8?
-7b1a
In base 7, what is 4 + 12261?
12265
In base 14, what is 0 + -64b7?
-64b7
In base 4, what is -133 + -130030322?
-130031121
In base 8, what is 2 + 464254?
464256
In base 12, what is 8 + 175323?
17532b
In base 12, what is 30 + 110?
140
In base 10, what is -804 - 13?
-817
In base 11, what is -286 + -8a9?
-1084
In base 3, what is 20 - 12002120?
-12002100
In base 9, what is -862 + 14?
-847
In base 5, what is -21401 + -344?
-22300
In base 3, what is 10102 - -11112210?
11200012
In base 8, what is 3 + -37500?
-37475
In base 6, what is -153 - 3141?
-3334
In base 3, what is -2 - -1122222121?
1122222112
In base 14, what is c8d9 + -78?
c861
In base 9, what is -1004653 - 8?
-1004662
In base 13, what is -22a0 - -2?
-229b
In base 14, what is 1655 + -3?
1652
In base 14, what is -7c91d - 3?
-7c922
In base 9, what is -48682 + 0?
-48682
In base 16, what is -3ba + -9?
-3c3
In base 6, what is 105 + 5314?
5423
In base 9, what is -144371 + 5?
-144365
In base 4, what is 11 + -3302033103?
-3302033032
In base 13, what is -8136 - -79?
-808a
In base 15, what is 0 - 4c02?
-4c02
In base 15, what is 1986 - -72?
1a08
In base 7, what is -4 - -22234?
22230
In base 3, what is -11002221 + -11121?
-11021112
In base 11, what is 56 + -7361?
-7306
In base 3, what is -21120110 + -101?
-21120211
In base 5, what is 30224 + -322?
24402
In base 10, what is -1 + -37981?
-37982
In base 15, what is 973 + -58?
91a
In base 3, what is 11 + 2101012?
2101100
In base 9, what is -250363 + -4?
-250367
In base 10, what is -642 + -41?
-683
In base 13, what is 10c + -8b3b?
-8a2c
In base 10, what is 2639 - 51?
2588
In base 16, what is 2f24 - 88?
2e9c
In base 4, what is 1321212110 + 11?
1321212121
In base 2, what is 10 - -10000001100100011?
10000001100100101
In base 6, what is -22 + -23315?
-23341
In base 4, what is -13 + -23323210?
-23323223
In base 5, what is 0 - -144313324?
144313324
In base 6, what is 5445254 + 1?
5445255
In base 9, what is 11 + -7350?
-7338
In base 15, what is 3e + 177?
1b6
In base 11, what is 1967 + -49?
1919
In base 4, what is 223120100 - -22?
223120122
In base 9, what is 424825 + 5?
424831
In base 8, what is -32131 - -12?
-32117
In base 3, what is -100 + -21020111?
-21020211
In base 12, what is -23 - -525?
502
In base 4, what is 12211020 + 22?
12211102
In base 14, what is -106 - 217?
-31d
In base 16, what is 33 + 195?
1c8
In base 15, what is 737a6 - -3?
737a9
In base 11, what is 2 - -19a901?
19a903
In base 16, what is -12437 + 4?
-12433
In base 4, what is 20232201 - 1?
20232200
In base 9, what is -32 + -1051?
-1083
In base 6, what is 2024 + 12254?
14322
In base 4, what is 230333223311 - 1?
230333223310
In base 9, what is -485 + 5284?
4688
In base 4, what is -21003012 + -11?
-21003023
In base 13, what is 5 + 65842?
65847
In base 7, what is -5 - 36121?
-36126
In base 14, what is -16 - 607d?
-6095
In base 10, what is -4 - 9762?
-9766
In base 14, what is -138c4 + 3?
-138c1
In base 16, what is -1994 + 20c?
-1788
In base 2, what is 101000111 + -1101100?
11011011
In base 4, what is 311122201 + 22?
311122223
In base 7, what is 3 + 2650306?
2650312
In base 6, what is 1 + 31351?
31352
In base 15, what is -45 + 3c67?
3c22
In base 12, what is -5 - -6b?
66
In base 14, what is -16 + -43da?
-4412
In base 15, what is 9c - d19?
-c6c
In base 15, what is -498e - -5?
-4989
In base 16, what is 20234 - -5?
20239
In base 14, what is 3 - d1297?
-d1294
In base 13, what is 3ba6 + 2?
3ba8
In base 3, what is 12 - -22100122212?
22100200001
In base 13, what is 5 + 19bc16?
19bc1b
In base 2, what is 111010 + 100000010001?
100001001011
In base 13, what is -b4b8 + 3?
-b4b5
In base 10, what is 9 + 721096?
721105
In base 7, what is 1 + -132360?
-132356
In base 9, what is 4415 + -126?
4278
In base 15, what is -2 + 7dc0?
7dbd
In base 4, what is -2012 - 233003?
-301021
In base 7, what is -22134166 - 2?
-22134201
In base 16, what is -30456 - 4?
-3045a
In base 9, what is 4452 + 43?
4505
In base 10, what is -2119 + -26?
-2145
In base 16, what is -7 - -8c3d?
8c36
In base 3, what is -1212 - -2000?
11
In base 14, what is 3c + -677?
-639
In base 6, what is 0 - 511455?
-511455
In base 11, what is 2 - -539?
540
In base 4, what is -3131032 + -103?
-3131201
In base 5, what is 1434 + 2311?
4300
In base 5, what is -12030 + -110131?
-122211
In base 11, what is -6122 - 33?
-6155
In base 9, what is -51 - -226?
165
In bas